{"id":23001,"date":"2022-08-03T12:26:11","date_gmt":"2022-08-03T10:26:11","guid":{"rendered":"https:\/\/www.sportcinofili.it\/?page_id=23001"},"modified":"2026-02-09T14:58:19","modified_gmt":"2026-02-09T13:58:19","slug":"ricerca-tartufi","status":"publish","type":"page","link":"https:\/\/www.sportcinofili.it\/index.php\/ricerca-tartufi\/","title":{"rendered":"Attivit\u00e0 RICERCA TARTUFI"},"content":{"rendered":"\t\t<div data-elementor-type=\"wp-page\" data-elementor-id=\"23001\" class=\"elementor elementor-23001\">\n\t\t\t\t\t\t<section class=\"elementor-section elementor-top-section elementor-element elementor-element-2ca29c53 elementor-section-boxed elementor-section-height-default elementor-section-height-default\" data-id=\"2ca29c53\" data-element_type=\"section\" data-e-type=\"section\">\n\t\t\t\t\t\t<div class=\"elementor-container elementor-column-gap-default\">\n\t\t\t\t\t<div class=\"elementor-column elementor-col-100 elementor-top-column elementor-element elementor-element-596ddb5f\" data-id=\"596ddb5f\" data-element_type=\"column\" data-e-type=\"column\">\n\t\t\t<div class=\"elementor-widget-wrap elementor-element-populated\">\n\t\t\t\t\t\t<div class=\"elementor-element elementor-element-f54a6d3 elementor-widget elementor-widget-text-editor\" data-id=\"f54a6d3\" data-element_type=\"widget\" data-e-type=\"widget\" data-widget_type=\"text-editor.default\">\n\t\t\t\t<div class=\"elementor-widget-container\">\n\t\t\t\t\t\t\t\t\t<p>La Ricerca Tartufi Sportiva (RTS) \u00e8 una disciplina sportiva adatta a tutti i cani che si ispira<br \/>all&#8217;attivit\u00e0 professionale del cavatore di tartufi elaborata a fini ludici e sportivi.<\/p><p>Per dare a tutti la possibilit\u00e0 di accedervi, nel regolamento sono previste due categorie con<br \/>all&#8217;interno tre livelli che hanno lo scopo di creare progressione sulla qualit\u00e0 del lavoro di ricerca.<\/p>\t\t\t\t\t\t\t\t<\/div>\n\t\t\t\t<\/div>\n\t\t\t\t\t<\/div>\n\t\t<\/div>\n\t\t\t\t\t<\/div>\n\t\t<\/section>\n\t\t\t\t<section class=\"elementor-section elementor-top-section elementor-element elementor-element-8067725 elementor-section-boxed elementor-section-height-default elementor-section-height-default\" data-id=\"8067725\" data-element_type=\"section\" data-e-type=\"section\">\n\t\t\t\t\t\t<div class=\"elementor-container elementor-column-gap-default\">\n\t\t\t\t\t<div class=\"elementor-column elementor-col-50 elementor-top-column elementor-element elementor-element-6d2eba9\" data-id=\"6d2eba9\" data-element_type=\"column\" data-e-type=\"column\">\n\t\t\t<div class=\"elementor-widget-wrap elementor-element-populated\">\n\t\t\t\t\t\t<div class=\"elementor-element elementor-element-f4fb458 elementor-widget elementor-widget-image\" data-id=\"f4fb458\" data-element_type=\"widget\" data-e-type=\"widget\" data-widget_type=\"image.default\">\n\t\t\t\t<div class=\"elementor-widget-container\">\n\t\t\t\t\t\t\t\t\t\t\t\t\t\t\t<img fetchpriority=\"high\" decoding=\"async\" width=\"643\" height=\"857\" src=\"https:\/\/www.sportcinofili.it\/wp-content\/uploads\/2024\/07\/Immagine1.jpg\" class=\"attachment-large size-large wp-image-30749\" alt=\"\" srcset=\"https:\/\/www.sportcinofili.it\/wp-content\/uploads\/2024\/07\/Immagine1.jpg 643w, https:\/\/www.sportcinofili.it\/wp-content\/uploads\/2024\/07\/Immagine1-225x300.jpg 225w, https:\/\/www.sportcinofili.it\/wp-content\/uploads\/2024\/07\/Immagine1-230x307.jpg 230w, https:\/\/www.sportcinofili.it\/wp-content\/uploads\/2024\/07\/Immagine1-350x466.jpg 350w, https:\/\/www.sportcinofili.it\/wp-content\/uploads\/2024\/07\/Immagine1-480x640.jpg 480w\" sizes=\"(max-width: 643px) 100vw, 643px\" \/>\t\t\t\t\t\t\t\t\t\t\t\t\t\t\t<\/div>\n\t\t\t\t<\/div>\n\t\t\t\t\t<\/div>\n\t\t<\/div>\n\t\t\t\t<div class=\"elementor-column elementor-col-50 elementor-top-column elementor-element elementor-element-bd85e02\" data-id=\"bd85e02\" data-element_type=\"column\" data-e-type=\"column\">\n\t\t\t<div class=\"elementor-widget-wrap elementor-element-populated\">\n\t\t\t\t\t\t<div class=\"elementor-element elementor-element-f89465b elementor-widget elementor-widget-image\" data-id=\"f89465b\" data-element_type=\"widget\" data-e-type=\"widget\" data-widget_type=\"image.default\">\n\t\t\t\t<div class=\"elementor-widget-container\">\n\t\t\t\t\t\t\t\t\t\t\t\t\t\t\t<img decoding=\"async\" width=\"643\" height=\"429\" src=\"https:\/\/www.sportcinofili.it\/wp-content\/uploads\/2024\/07\/Immagine24.jpg\" class=\"attachment-large size-large wp-image-30748\" alt=\"\" srcset=\"https:\/\/www.sportcinofili.it\/wp-content\/uploads\/2024\/07\/Immagine24.jpg 643w, https:\/\/www.sportcinofili.it\/wp-content\/uploads\/2024\/07\/Immagine24-300x200.jpg 300w, https:\/\/www.sportcinofili.it\/wp-content\/uploads\/2024\/07\/Immagine24-230x153.jpg 230w, https:\/\/www.sportcinofili.it\/wp-content\/uploads\/2024\/07\/Immagine24-350x234.jpg 350w, https:\/\/www.sportcinofili.it\/wp-content\/uploads\/2024\/07\/Immagine24-480x320.jpg 480w\" sizes=\"(max-width: 643px) 100vw, 643px\" \/>\t\t\t\t\t\t\t\t\t\t\t\t\t\t\t<\/div>\n\t\t\t\t<\/div>\n\t\t\t\t\t<\/div>\n\t\t<\/div>\n\t\t\t\t\t<\/div>\n\t\t<\/section>\n\t\t\t\t<section class=\"elementor-section elementor-top-section elementor-element elementor-element-c4b9f1d elementor-section-boxed elementor-section-height-default elementor-section-height-default\" data-id=\"c4b9f1d\" data-element_type=\"section\" data-e-type=\"section\">\n\t\t\t\t\t\t<div class=\"elementor-container elementor-column-gap-default\">\n\t\t\t\t\t<div class=\"elementor-column elementor-col-50 elementor-top-column elementor-element elementor-element-7c2aaa5\" data-id=\"7c2aaa5\" data-element_type=\"column\" data-e-type=\"column\">\n\t\t\t<div class=\"elementor-widget-wrap elementor-element-populated\">\n\t\t\t\t\t\t<div class=\"elementor-element elementor-element-d42652c elementor-widget elementor-widget-image\" data-id=\"d42652c\" data-element_type=\"widget\" data-e-type=\"widget\" data-widget_type=\"image.default\">\n\t\t\t\t<div class=\"elementor-widget-container\">\n\t\t\t\t\t\t\t\t\t\t\t\t\t\t\t<img decoding=\"async\" width=\"643\" height=\"857\" src=\"https:\/\/www.sportcinofili.it\/wp-content\/uploads\/2024\/07\/Immagine36.jpg\" class=\"attachment-large size-large wp-image-30747\" alt=\"\" srcset=\"https:\/\/www.sportcinofili.it\/wp-content\/uploads\/2024\/07\/Immagine36.jpg 643w, https:\/\/www.sportcinofili.it\/wp-content\/uploads\/2024\/07\/Immagine36-225x300.jpg 225w, https:\/\/www.sportcinofili.it\/wp-content\/uploads\/2024\/07\/Immagine36-230x307.jpg 230w, https:\/\/www.sportcinofili.it\/wp-content\/uploads\/2024\/07\/Immagine36-350x466.jpg 350w, https:\/\/www.sportcinofili.it\/wp-content\/uploads\/2024\/07\/Immagine36-480x640.jpg 480w\" sizes=\"(max-width: 643px) 100vw, 643px\" \/>\t\t\t\t\t\t\t\t\t\t\t\t\t\t\t<\/div>\n\t\t\t\t<\/div>\n\t\t\t\t\t<\/div>\n\t\t<\/div>\n\t\t\t\t<div class=\"elementor-column elementor-col-50 elementor-top-column elementor-element elementor-element-202d22d\" data-id=\"202d22d\" data-element_type=\"column\" data-e-type=\"column\">\n\t\t\t<div class=\"elementor-widget-wrap elementor-element-populated\">\n\t\t\t\t\t\t<div class=\"elementor-element elementor-element-62a1d30 elementor-widget__width-initial elementor-widget elementor-widget-image\" data-id=\"62a1d30\" data-element_type=\"widget\" data-e-type=\"widget\" data-widget_type=\"image.default\">\n\t\t\t\t<div class=\"elementor-widget-container\">\n\t\t\t\t\t\t\t\t\t\t\t\t\t\t\t<img loading=\"lazy\" decoding=\"async\" width=\"536\" height=\"952\" src=\"https:\/\/www.sportcinofili.it\/wp-content\/uploads\/2024\/07\/Immagine46.jpg\" class=\"attachment-large size-large wp-image-30746\" alt=\"\" srcset=\"https:\/\/www.sportcinofili.it\/wp-content\/uploads\/2024\/07\/Immagine46.jpg 536w, https:\/\/www.sportcinofili.it\/wp-content\/uploads\/2024\/07\/Immagine46-169x300.jpg 169w, https:\/\/www.sportcinofili.it\/wp-content\/uploads\/2024\/07\/Immagine46-230x409.jpg 230w, https:\/\/www.sportcinofili.it\/wp-content\/uploads\/2024\/07\/Immagine46-350x622.jpg 350w, https:\/\/www.sportcinofili.it\/wp-content\/uploads\/2024\/07\/Immagine46-480x853.jpg 480w\" sizes=\"(max-width: 536px) 100vw, 536px\" \/>\t\t\t\t\t\t\t\t\t\t\t\t\t\t\t<\/div>\n\t\t\t\t<\/div>\n\t\t\t\t\t<\/div>\n\t\t<\/div>\n\t\t\t\t\t<\/div>\n\t\t<\/section>\n\t\t\t\t<section class=\"elementor-section elementor-top-section elementor-element elementor-element-465acce elementor-section-boxed elementor-section-height-default elementor-section-height-default\" data-id=\"465acce\" data-element_type=\"section\" data-e-type=\"section\">\n\t\t\t\t\t\t<div class=\"elementor-container elementor-column-gap-default\">\n\t\t\t\t\t<div class=\"elementor-column elementor-col-100 elementor-top-column elementor-element elementor-element-48589bc\" data-id=\"48589bc\" data-element_type=\"column\" data-e-type=\"column\">\n\t\t\t<div class=\"elementor-widget-wrap elementor-element-populated\">\n\t\t\t\t\t\t<div class=\"elementor-element elementor-element-39eaf89 elementor-widget elementor-widget-text-editor\" data-id=\"39eaf89\" data-element_type=\"widget\" data-e-type=\"widget\" data-widget_type=\"text-editor.default\">\n\t\t\t\t<div class=\"elementor-widget-container\">\n\t\t\t\t\t\t\t\t\t<p>Regolamenti:<\/p><p><a href=\"https:\/\/drive.google.com\/file\/d\/1WoNb2wyx-LuJw3z3qr9RF_3g_GTCPdVW\/view?usp=sharing\"><b>CLICCA QUI <\/b><\/a>per visualizzare il Regolamento di Gara e di Campionato<\/p><p><a href=\"https:\/\/drive.google.com\/file\/d\/1Myg6Aj_MMD955Sa4_8G7HPkeRX6tTu1o\/view?usp=sharing\"><b>CLICCA QUI <\/b><\/a>per visualizzare la Scheda valutazione RTS 2026<\/p><p><a href=\"https:\/\/drive.google.com\/file\/d\/1Aef2Tiwlu5QjtrbdWylwG6AvilWAUN-l\/view?usp=sharing\"><b>CLICCA QUI <\/b><\/a>per visualizzare la Scheda dati ambientali RTS 2026<\/p><p>Calendario Gare 2026:<\/p><p><strong><a href=\"https:\/\/www.sportcinofili.it\/index.php\/gare-ricerca-tartufi\/\">CLICCA QUI<\/a><\/strong> per visualizzare il Calendario Gare RTS 2026<\/p><p><strong>Responsabile Nazionale del Dipartimento:<\/strong><\/p><p>Enrico Strona<\/p><p>Cell:\u00a0 3935038031<\/p><p>E-mail: <a href=\"mailto:enrico.strona@gmail.com\">enrico.strona@gmail.com<\/a><\/p><p><strong>Referenti Regionali:<\/strong><\/p><p><span style=\"text-decoration: underline;\">Regione Lombardia<\/span>: Marta Maranesi\u00a0 <a href=\"mailto:maranesidbf@gmail.com\">maranesidbf@gmail.com<\/a> &#8211; cell: 3759161691<\/p><p><span style=\"text-decoration: underline;\">Regione Veneto<\/span>: Alessandra Morandin <u><a href=\"mailto: alessandramorandin@gmail.com\">alessandramorandin@gmail.com<\/a><\/u> &#8211;\u00a0 cell: <a class=\"ewTooltipLink\" title=\"\" data-tooltip-id=\"tt_soci_x_CELLULARE\" data-tooltip-width=\"0\" data-placement=\"right\" data-original-title=\"\">3473683106<\/a><\/p><p><span style=\"text-decoration: underline;\">Regione Sardegna<\/span>: Maria Perra <a href=\"mailto:MARIELLA_PERRA@LIBERO.IT\">MARIELLA_PERRA@LIBERO.IT<\/a> &#8211; cell: 3202368349<\/p><p><u>Regione Piemonte<\/u>: Roberto Pittarello &#8211; <a href=\"mailto:pittaro@hotmail.com\">pittaro@hotmail.com<\/a> &#8211; cell: 3931188877<\/p>\t\t\t\t\t\t\t\t<\/div>\n\t\t\t\t<\/div>\n\t\t\t\t\t<\/div>\n\t\t<\/div>\n\t\t\t\t\t<\/div>\n\t\t<\/section>\n\t\t\t\t<\/div>\n\t\t","protected":false},"excerpt":{"rendered":"<p>La Ricerca Tartufi Sportiva (RTS) \u00e8 una disciplina sportiva adatta a tutti i cani che si ispiraall&#8217;attivit\u00e0 professionale del cavatore di tartufi elaborata a fini ludici e sportivi. Per dare a tutti la possibilit\u00e0 di accedervi, nel regolamento sono previste due categorie conall&#8217;interno tre livelli che hanno lo scopo di [&hellip;]<\/p>\n","protected":false},"author":2,"featured_media":0,"parent":0,"menu_order":0,"comment_status":"closed","ping_status":"closed","template":"","meta":{"om_disable_all_campaigns":false,"_monsterinsights_skip_tracking":false,"_monsterinsights_sitenote_active":false,"_monsterinsights_sitenote_note":"","_monsterinsights_sitenote_category":0,"_uf_show_specific_survey":0,"_uf_disable_surveys":false,"footnotes":""},"class_list":["post-23001","page","type-page","status-publish","hentry"],"aioseo_notices":[],"_links":{"self":[{"href":"https:\/\/www.sportcinofili.it\/index.php\/wp-json\/wp\/v2\/pages\/23001","targetHints":{"allow":["GET"]}}],"collection":[{"href":"https:\/\/www.sportcinofili.it\/index.php\/wp-json\/wp\/v2\/pages"}],"about":[{"href":"https:\/\/www.sportcinofili.it\/index.php\/wp-json\/wp\/v2\/types\/page"}],"author":[{"embeddable":true,"href":"https:\/\/www.sportcinofili.it\/index.php\/wp-json\/wp\/v2\/users\/2"}],"replies":[{"embeddable":true,"href":"https:\/\/www.sportcinofili.it\/index.php\/wp-json\/wp\/v2\/comments?post=23001"}],"version-history":[{"count":142,"href":"https:\/\/www.sportcinofili.it\/index.php\/wp-json\/wp\/v2\/pages\/23001\/revisions"}],"predecessor-version":[{"id":35986,"href":"https:\/\/www.sportcinofili.it\/index.php\/wp-json\/wp\/v2\/pages\/23001\/revisions\/35986"}],"wp:attachment":[{"href":"https:\/\/www.sportcinofili.it\/index.php\/wp-json\/wp\/v2\/media?parent=23001"}],"curies":[{"name":"wp","href":"https:\/\/api.w.org\/{rel}","templated":true}]}}