{"id":15202,"date":"2019-07-31T14:25:09","date_gmt":"2019-07-31T12:25:09","guid":{"rendered":"http:\/\/www.sportcinofili.it\/?page_id=15202"},"modified":"2025-09-25T11:21:38","modified_gmt":"2025-09-25T09:21:38","slug":"nazionale-italiana-agility-dog-fisc-ifcs","status":"publish","type":"page","link":"https:\/\/www.sportcinofili.it\/index.php\/nazionale-italiana-agility-dog-fisc-ifcs\/","title":{"rendered":"Nazionale Italiana Agility Dog FISC &#8211; IFCS"},"content":{"rendered":"\t\t<div data-elementor-type=\"wp-page\" data-elementor-id=\"15202\" class=\"elementor elementor-15202\">\n\t\t\t\t\t\t<section class=\"elementor-section elementor-top-section elementor-element elementor-element-248bc021 elementor-section-boxed elementor-section-height-default elementor-section-height-default\" data-id=\"248bc021\" data-element_type=\"section\" data-e-type=\"section\">\n\t\t\t\t\t\t<div class=\"elementor-container elementor-column-gap-default\">\n\t\t\t\t\t<div class=\"elementor-column elementor-col-100 elementor-top-column elementor-element elementor-element-6fde901c\" data-id=\"6fde901c\" data-element_type=\"column\" data-e-type=\"column\">\n\t\t\t<div class=\"elementor-widget-wrap elementor-element-populated\">\n\t\t\t\t\t\t<div class=\"elementor-element elementor-element-6b07b8c5 elementor-widget elementor-widget-text-editor\" data-id=\"6b07b8c5\" data-element_type=\"widget\" data-e-type=\"widget\" data-widget_type=\"text-editor.default\">\n\t\t\t\t<div class=\"elementor-widget-container\">\n\t\t\t\t\t\t\t\t\t<figure><img fetchpriority=\"high\" decoding=\"async\" src=\"http:\/\/www.sportcinofili.it\/wp-content\/uploads\/2019\/02\/LOGO-WAC-FISC_AM600.png\" alt=\"\" width=\"261\" height=\"261\" \/><\/figure>\n<p><!-- \/wp:image --><!-- wp:image {\"align\":\"center\",\"id\":15210,\"width\":522,\"height\":347} --><\/p>\n<figure><\/figure>\n<p><!-- \/wp:image --><!-- wp:paragraph --><\/p>\n<p><img decoding=\"async\" src=\"http:\/\/www.sportcinofili.it\/wp-content\/uploads\/2023\/09\/NazAgilitySitoWEB-300x200.png\" alt=\"\" width=\"616\" height=\"410\" \/><\/p>\n<p>\u00a0<\/p>\n<p><a href=\"https:\/\/www.sportcinofili.it\/index.php\/squadra-italiana-di-agility\/\"><span style=\"font-size: 18pt;\"><strong>LA NOSTRA STORIA\u00a0<\/strong><\/span><\/a><\/p>\n<p><!-- \/wp:paragraph --><!-- wp:paragraph --><\/p>\n<p>La <strong>Nazionale Italiana di Agility Dog FISC &#8211; IFCS<\/strong> nasce nel <strong>2013<\/strong> grazie al lavoro della <strong>Federazione Italiana Sport Cinofili<\/strong> che viene riconosciuto come unico ente sportivo per l\u2019Italia dalla <strong>Federazione Internazionale Sport Cinofili IFCS<\/strong>. L\u2019ammissione come membro e l\u2019inserimento del presidente, <strong>Dott. Piero Acquaro<\/strong>, all\u2019interno del consiglio direttivo dell\u2019IFCS ha fatto si che il progetto intorno a questa nazionale si sviluppasse e maturasse in tutti questi anni.<\/p>\n<p>\u00a0<\/p>\n<p><!-- \/wp:paragraph --><!-- wp:paragraph --><\/p>\n<p><span style=\"font-size: 18pt;\"><strong>2013<\/strong><\/span><\/p>\n<p><!-- \/wp:paragraph --><!-- wp:paragraph --><\/p>\n<p>La prima partecipazione dell\u2019Italia nel 2013 avvenne nel <strong>Campionato Europeo<\/strong> organizzato dall\u2019<strong>IFCS<\/strong> in <strong>Spagna<\/strong> a <strong>Valencia<\/strong>. La Nazionale era guidata dall\u2019amato <strong>Carlo Marzoli<\/strong> e partecip\u00f2 a questo campionato Europeo con 14 binomi. E gi\u00e0 in questo prima partecipazione la nostra nazionale si era distinta ottenendo <strong>due medaglie individuali di cui una d\u2019oro e una medaglia a squadre<\/strong>.<\/p>\n<p><!-- \/wp:paragraph --><!-- wp:image {\"align\":\"center\",\"id\":15204,\"width\":483,\"height\":321,\"className\":\"wp-image-15204\"} --><\/p>\n<figure><img decoding=\"async\" src=\"http:\/\/www.sportcinofili.it\/wp-content\/uploads\/2019\/07\/2013.jpg\" alt=\"\" width=\"483\" height=\"321\" \/>\n<p>\u00a0<\/p>\n<figcaption>Nazionale Italiana di Agility FISC &#8211; IFCS 2013 a Girona &#8211; Spagna<\/figcaption>\n<\/figure>\n<p><!-- \/wp:image --><!-- wp:paragraph --><\/p>\n<p><span style=\"font-size: 18pt;\"><strong>2014<\/strong><\/span><\/p>\n<p><!-- \/wp:paragraph --><!-- wp:paragraph --><\/p>\n<p>Nel 2014 la Nazionale partecipa al <strong>World Agility Championship IFCS<\/strong> organizzato in <strong>Olanda<\/strong>. La Nazionale guidata per la prima volta dal Team Coach <strong>Cavicchioli Jean Pierre<\/strong> si posiziona al <strong>quarto posto del medagliere internazionale<\/strong> dimostrando grande preparazione e dando filo da torcere ai concorrenti stranieri.<\/p>\n<p><!-- \/wp:paragraph --><!-- wp:image {\"align\":\"center\",\"id\":15212,\"width\":497,\"height\":331,\"className\":\"wp-image-15212\"} --><\/p>\n<figure><img loading=\"lazy\" decoding=\"async\" src=\"http:\/\/www.sportcinofili.it\/wp-content\/uploads\/2019\/07\/DSC_0004.jpg\" alt=\"\" width=\"497\" height=\"331\" \/>\n<p>\u00a0<\/p>\n<figcaption>Nazionale Italiana di Agility FISC &#8211; IFCS 2014 in visita a Papa Francesco a Roma<\/figcaption>\n<\/figure>\n<p><!-- \/wp:image --><!-- wp:paragraph --><\/p>\n<p><span style=\"font-size: 18pt;\"><strong>2015<\/strong><\/span><\/p>\n<p><!-- \/wp:paragraph --><!-- wp:paragraph --><\/p>\n<p>Il 2015 \u00e8 un anno speciale per la nostra nazionale perch\u00e9 per la prima volta ha la possibilit\u00e0 di gareggiare sul suolo di casa in quanto il <strong>World Agility Championship 2015<\/strong> \u00e8 <strong>organizzato<\/strong> proprio dalla <strong>Federazione Italiana Sport Cinofili<\/strong> in <strong>Italia<\/strong>. Sempre guidata dal Team Coach Cavicchioli Jean Pierre ottiene ben <strong>quattordici medaglie.<\/strong><\/p>\n<p><!-- \/wp:paragraph --><!-- wp:image {\"align\":\"center\",\"id\":15205,\"width\":486,\"height\":322,\"className\":\"wp-image-15205\"} --><\/p>\n<figure><img loading=\"lazy\" decoding=\"async\" src=\"http:\/\/www.sportcinofili.it\/wp-content\/uploads\/2019\/07\/2015.jpg\" alt=\"\" width=\"486\" height=\"322\" \/>\n<p>\u00a0<\/p>\n<figcaption>Nazionale Italiana di Agility FISC &#8211; IFCS 2015 &#8211; W.A.C. in Italia<\/figcaption>\n<\/figure>\n<p><!-- \/wp:image --><!-- wp:paragraph --><\/p>\n<p><span style=\"font-size: 18pt;\"><strong>2016<\/strong><\/span><\/p>\n<p><!-- \/wp:paragraph --><!-- wp:paragraph --><\/p>\n<p>Nel 2016 la Nazionale \u00e8 in trasferta in <strong>Olanda<\/strong> per il <strong>W.A.C. 2016<\/strong> organizzato dalla <strong>FHN Federazione Olandese<\/strong> di diffusione degli sport cinofili. La nostra nazionale si posiziona al <strong>terzo posto nel medagliere internazionale<\/strong> ottenendo <strong>7 medaglie<\/strong>, preceduta solo dal Canada e dalla Russia. Da quest\u2019anno la Nazionale \u00e8 guidata dal <strong>Team Coach Arnaldo Benini<\/strong>.<\/p>\n<p><!-- \/wp:paragraph --><!-- wp:image {\"align\":\"center\",\"id\":15260,\"width\":516,\"height\":343,\"className\":\"wp-image-15260\"} --><\/p>\n<figure><img loading=\"lazy\" decoding=\"async\" src=\"http:\/\/www.sportcinofili.it\/wp-content\/uploads\/2019\/08\/ITA2016.jpg\" alt=\"\" width=\"516\" height=\"343\" \/>\n<p>\u00a0<\/p>\n<figcaption>Nazionale Italiana di Agility FISC &#8211; IFCS 2016<\/figcaption>\n<\/figure>\n<p><!-- \/wp:image --><!-- wp:paragraph --><\/p>\n<p><span style=\"font-size: 18pt;\"><strong>2017<\/strong><\/span><\/p>\n<p><!-- \/wp:paragraph --><!-- wp:paragraph --><\/p>\n<p>Nel 2017 il <strong>Campionato del Mondo W.A.C.<\/strong> sbarca sul suolo spagnolo e precisamente a <strong>Valencia<\/strong> organizzato dalla <strong>FEAEC \u2013 Federazione spagnola sport cinofili<\/strong>. L\u2019Italia con il Team Coach <strong>Arnaldo Benini<\/strong> si posiziona al <strong>secondo posto del medagliere internazionale<\/strong> a pari merito con il Canada ottenendo <strong>14 medaglie<\/strong> (5 ori, 5 argenti, 4 bronzi).<\/p>\n<p><!-- \/wp:paragraph --><!-- wp:image {\"align\":\"center\",\"id\":15209,\"width\":501,\"height\":333,\"className\":\"wp-image-15209\"} --><\/p>\n<figure><img loading=\"lazy\" decoding=\"async\" src=\"http:\/\/www.sportcinofili.it\/wp-content\/uploads\/2019\/07\/2017.jpg\" alt=\"\" width=\"501\" height=\"333\" \/>\n<p>\u00a0<\/p>\n<figcaption>Nazionale Italiana di Agility FISC &#8211; IFCS 2017 &#8211; Valencia &#8211; Spagna<\/figcaption>\n<\/figure>\n<p><!-- \/wp:image --><!-- wp:paragraph --><\/p>\n<p><span style=\"font-size: 18pt;\"><strong>2018<\/strong><\/span><\/p>\n<p><!-- \/wp:paragraph --><!-- wp:paragraph --><\/p>\n<p>Nel 2018 in <strong>World Agility Championship IFCS torna in Italia<\/strong>, organizzato dalla <strong>Federazione Italiana Sport Cinofili<\/strong> e per la prima volta la Nazionale \u00e8 guidata dal Team Coach <strong>Alfonso Sabbatini<\/strong>. Una squadra nuova, con nuovi innesti e binomi giovani e molto promettenti ottengono un <strong>terzo posto nel medagliere internazionale<\/strong> che fa ben sperare per gli anni seguenti.<\/p>\n<p><!-- \/wp:paragraph --><!-- wp:html --><\/p>\n<div>\u00a0<\/div>\n<p><!-- \/wp:html --><!-- wp:image {\"align\":\"center\",\"id\":15242,\"width\":494,\"height\":308,\"className\":\"wp-image-15242\"} --><\/p>\n<figure><img loading=\"lazy\" decoding=\"async\" src=\"http:\/\/www.sportcinofili.it\/wp-content\/uploads\/2019\/07\/IMG_3577.jpg\" alt=\"\" width=\"494\" height=\"308\" \/>\n<p>\u00a0<\/p>\n<figcaption>Nazionale Italiana di Agility FISC &#8211; IFCS 2018 &#8211; Milano &#8211; Italia<\/figcaption>\n<\/figure>\n<p><!-- \/wp:image --><!-- wp:paragraph --><\/p>\n<p><span style=\"font-size: 18pt;\"><strong>2019<\/strong><\/span><\/p>\n<p><!-- \/wp:paragraph --><!-- wp:paragraph --><\/p>\n<p>L\u2019ultima edizione appena trascorsa ha visto la <strong>Nazionale Italiana di Agility Dog<\/strong> partecipare al <strong>World Agility Championship IFCS<\/strong> in <strong>Olanda<\/strong> a <strong>Hellendoorn<\/strong>. Sotto la gudia del Team Coach <strong>Alfonso Sabbatini<\/strong> questa nazionale ottiene un ambitissimo <strong>secondo posto nel medagliere internazionale<\/strong> con ben 9 medaglie di cui 4 d\u2019oro, 3 medaglie d\u2019argento e 2 di bronzo.<\/p>\n<p><!-- \/wp:paragraph --><!-- wp:image {\"align\":\"center\",\"id\":15207,\"width\":517,\"height\":344,\"className\":\"wp-image-15207\"} --><\/p>\n<p style=\"text-align: left;\"><img loading=\"lazy\" decoding=\"async\" src=\"http:\/\/www.sportcinofili.it\/wp-content\/uploads\/2019\/07\/2019.jpg\" alt=\"\" width=\"517\" height=\"344\" \/>Nazionale Italiana di Agility FISC &#8211; IFCS 2019 &#8211; Olanda &#8211; Hellendoorn<\/p>\n<p><strong>2022<\/strong><\/p>\n<p>Dopo due anni di stop dalle competizioni internazionali, finalmente l\u2019agility ritorna ad una sorta di normalit\u00e0, infatti, dal 31 agosto al 4 settembre a Laag Soeren, nei Paesi Bassi, si \u00e8 tenuto il World Agility Championship 2022 noto anche come WAC.<br \/>Durante la competizione si sono sfidate undici nazioni con quasi duecento atleti da tre continenti differenti. Il bottino finale della spedizione in Olanda, ancora una volta, ci d\u00e0 la conferma che l\u2019Italia \u00e8 tra i paesi pi\u00f9 competitivi al mondo per quanto riguarda il medagliere ottenuto.<\/p>\n<p><img loading=\"lazy\" decoding=\"async\" src=\"http:\/\/www.sportcinofili.it\/wp-content\/uploads\/2023\/04\/pamela-dandria-mondiale2-225x300.jpg\" alt=\"\" width=\"331\" height=\"441\" \/><\/p>\n<p>\u00a0<\/p>\n<h2><strong>2023<\/strong><\/h2>\n<p>Un <strong>World Agility Championship<\/strong>, che quest&#8217;anno \u00e8 sbarcato nelle campagne inglesi, denso di emozioni per i nostri atleti, l\u2019<strong>Italia<\/strong> si \u00e8 dimostrata <strong>vincente<\/strong>. La <strong>nazionale italiana<\/strong> di <strong>Agility<\/strong>\u00a0 quest&#8217;anno guidata dal <strong>Team Coach Nicola Camoscini<\/strong> ha totalizzato in tutto <strong>16<\/strong> <strong>medaglie<\/strong> posizionandosi al <strong>III\u00b0 posto<\/strong> nel medagliere mondiale, superando ogni aspettativa e dimostrando a tutti e a se stessi l\u2019effettivo valore del team.<\/p>\n<div dir=\"auto\">\n<p><img loading=\"lazy\" decoding=\"async\" src=\"http:\/\/www.sportcinofili.it\/wp-content\/uploads\/2023\/09\/Progetto-senza-titolo-3-300x169.png\" alt=\"\" width=\"617\" height=\"348\" \/><\/p>\n<\/div>\n<div dir=\"auto\">\n<h2>\u00a0<\/h2>\n<h2><span style=\"color: #000000;\">2024<\/span><\/h2>\n<p style=\"text-align: left;\"><span style=\"color: #000000;\">Il <strong>World Agility Championship<\/strong> di quest&#8217;anno si \u00e8 svolto nella verde Bourgbarr\u00e9, nella regione della Bretagna in Francia, dal <strong>30 aprile fino al 5 maggio 2024<\/strong>. I nostri atleti con grinta, determinazione e cuore, sono riusciti a raggiungere gli obiettivi che si erano prefissati. L&#8217;Italia ha conquistato\u00a0<\/span><span style=\"color: #000000;\">ben 15 medaglie! Un ringraziamento speciale \u00e8 indirizzato ai nostri Sponsor che hanno contribuito a rendere questa esperienza fantastica, ringraziamo<\/span><span style=\"color: #000000;\">\u00a0per il supporto:<\/span><\/p>\n<p style=\"text-align: left;\">ISAO, ASA Veterinary, QUA LA ZAMPA, EVVIVA Nutrition to Enjoy, EMMETEX, IMPRONTE CREATIVE e TEKNOFARMA.\u00a0<i><\/i><\/p>\n<p><span style=\"font-family: arial, sans-serif;\">Si ringrazia il team composto da Camoscini Nicola (Team Coach),\u00a0<\/span><span style=\"font-family: arial, sans-serif;\">dott. Francesca Bussi (medico veterinario-fisiatra),\u00a0<\/span><span style=\"font-family: arial, sans-serif;\">Andrea Alderighi, Erika Barsuglia e Daniele Manetta.<\/span><span style=\"font-family: arial, sans-serif;\">\u00a0<\/span><\/p>\n<p><span style=\"font-family: arial, sans-serif;\"><img loading=\"lazy\" decoding=\"async\" class=\"alignnone  wp-image-30050\" src=\"http:\/\/www.sportcinofili.it\/wp-content\/uploads\/2024\/05\/Squadra-2024-300x138.jpg\" alt=\"\" width=\"680\" height=\"313\" srcset=\"https:\/\/www.sportcinofili.it\/wp-content\/uploads\/2024\/05\/Squadra-2024-300x138.jpg 300w, https:\/\/www.sportcinofili.it\/wp-content\/uploads\/2024\/05\/Squadra-2024-1024x470.jpg 1024w, https:\/\/www.sportcinofili.it\/wp-content\/uploads\/2024\/05\/Squadra-2024-768x353.jpg 768w, https:\/\/www.sportcinofili.it\/wp-content\/uploads\/2024\/05\/Squadra-2024-1536x705.jpg 1536w, https:\/\/www.sportcinofili.it\/wp-content\/uploads\/2024\/05\/Squadra-2024-1000x459.jpg 1000w, https:\/\/www.sportcinofili.it\/wp-content\/uploads\/2024\/05\/Squadra-2024-230x106.jpg 230w, https:\/\/www.sportcinofili.it\/wp-content\/uploads\/2024\/05\/Squadra-2024-350x161.jpg 350w, https:\/\/www.sportcinofili.it\/wp-content\/uploads\/2024\/05\/Squadra-2024-480x220.jpg 480w, https:\/\/www.sportcinofili.it\/wp-content\/uploads\/2024\/05\/Squadra-2024.jpg 1703w\" sizes=\"(max-width: 680px) 100vw, 680px\" \/>\u00a0<\/span><\/p>\n<p>\u00a0<\/p>\n<h2><span style=\"color: #000000;\">2025<\/span><\/h2>\n<p>L\u2019Italia brilla al <strong>WAC &#8211; World Agility Championship 2025<\/strong>: ben 15 medaglie conquistate in Svizzera!<br \/><strong>Dal 16 al 22 giugno 2025<\/strong>, la Svizzera ha ospitato il World Agility Championship, uno degli eventi pi\u00f9 attesi e prestigiosi del panorama cinofilo internazionale. Anche quest\u2019anno, la Nazionale italiana ha dimostrato straordinaria grinta, passione e determinazione, raggiungendo gli ambiziosi obiettivi prefissati.<br \/>Il risultato? 15 medaglie conquistate con impegno e cuore dai nostri atleti, orgoglio del tricolore!<\/p>\n<p><img loading=\"lazy\" decoding=\"async\" class=\"alignnone size-full wp-image-34696\" src=\"http:\/\/www.sportcinofili.it\/wp-content\/uploads\/2025\/07\/495289683_1158085283024433_6084929432174913924_n.jpeg\" alt=\"\" width=\"2048\" height=\"1716\" srcset=\"https:\/\/www.sportcinofili.it\/wp-content\/uploads\/2025\/07\/495289683_1158085283024433_6084929432174913924_n.jpeg 2048w, https:\/\/www.sportcinofili.it\/wp-content\/uploads\/2025\/07\/495289683_1158085283024433_6084929432174913924_n-300x251.jpeg 300w, https:\/\/www.sportcinofili.it\/wp-content\/uploads\/2025\/07\/495289683_1158085283024433_6084929432174913924_n-1024x858.jpeg 1024w, https:\/\/www.sportcinofili.it\/wp-content\/uploads\/2025\/07\/495289683_1158085283024433_6084929432174913924_n-768x644.jpeg 768w, https:\/\/www.sportcinofili.it\/wp-content\/uploads\/2025\/07\/495289683_1158085283024433_6084929432174913924_n-1536x1287.jpeg 1536w, https:\/\/www.sportcinofili.it\/wp-content\/uploads\/2025\/07\/495289683_1158085283024433_6084929432174913924_n-1000x838.jpeg 1000w, https:\/\/www.sportcinofili.it\/wp-content\/uploads\/2025\/07\/495289683_1158085283024433_6084929432174913924_n-230x193.jpeg 230w, https:\/\/www.sportcinofili.it\/wp-content\/uploads\/2025\/07\/495289683_1158085283024433_6084929432174913924_n-350x293.jpeg 350w, https:\/\/www.sportcinofili.it\/wp-content\/uploads\/2025\/07\/495289683_1158085283024433_6084929432174913924_n-480x402.jpeg 480w\" sizes=\"(max-width: 2048px) 100vw, 2048px\" \/><\/p>\n<\/div>\n<div dir=\"auto\">\u00a0<\/div>\n<p><!-- \/wp:image --><!-- wp:separator {\"opacity\":\"css\"} --><\/p>\n<hr \/>\n<p><!-- \/wp:separator --><!-- wp:paragraph --><\/p>\n<p><span style=\"font-size: 18pt;\"><strong>MOMENTI AL CAMPIONATO DEL MONDO<\/strong><\/span><\/p>\n<p><img loading=\"lazy\" decoding=\"async\" src=\"http:\/\/www.sportcinofili.it\/wp-content\/uploads\/2023\/09\/podio_4-300x200.jpg\" alt=\"\" width=\"581\" height=\"388\" \/><\/p>\n<p><img loading=\"lazy\" decoding=\"async\" src=\"http:\/\/www.sportcinofili.it\/wp-content\/uploads\/2023\/09\/podio_1-300x200.jpg\" alt=\"\" width=\"482\" height=\"322\" \/><\/p>\n<p><img loading=\"lazy\" decoding=\"async\" src=\"http:\/\/www.sportcinofili.it\/wp-content\/uploads\/2023\/09\/podio_3-300x200.jpg\" alt=\"\" width=\"485\" height=\"323\" \/><\/p>\n<p>\u00a0<\/p>\n<p><!-- \/wp:paragraph --><!-- wp:image {\"align\":\"center\",\"id\":15225,\"width\":430,\"height\":286} --><\/p>\n<figure><\/figure>\n<p><!-- \/wp:image --><!-- wp:image {\"align\":\"center\",\"id\":15227,\"width\":419,\"height\":279} --><\/p>\n<figure><\/figure>\n<p><!-- \/wp:image --><!-- wp:image {\"align\":\"center\",\"id\":15228,\"width\":430,\"height\":286} --><\/p>\n<figure><\/figure>\n<p><!-- \/wp:image --><!-- wp:separator {\"opacity\":\"css\"} --><\/p>\n<hr \/>\n<p><!-- \/wp:separator --><!-- wp:paragraph --><\/p>\n<p><span style=\"font-size: 18pt;\"><strong>LA FEDERAZIONE INTERNAZIONALE<\/strong><\/span><\/p>\n<p><!-- \/wp:paragraph --><!-- wp:image {\"align\":\"left\",\"id\":4108} --><\/p>\n<figure><img decoding=\"async\" src=\"http:\/\/www.sportcinofili.it\/wp-content\/uploads\/2016\/08\/LOGO_IFCS_nosfondo-300x151-1.png\" alt=\"\" \/><\/figure>\n<p><!-- \/wp:image --><!-- wp:paragraph --><\/p>\n<p>Il <strong>World Agility Championship<\/strong> \u00e8 il campionato del mondo di Agility organizzato dalla IFCS \u2013 <strong>International Federation of Cynological Sports<\/strong>.<\/p>\n<p><!-- \/wp:paragraph --><!-- wp:paragraph --><\/p>\n<p>La <strong>IFCS<\/strong> \u00e8 l\u2019<strong>unica federazione internazionale sportiva<\/strong> che si occupa della promozione e della diffusione degli <strong>sport cinofili<\/strong> in tutto il mondo.<\/p>\n<p><!-- \/wp:paragraph --><!-- wp:paragraph --><\/p>\n<p>Questa federazione attiva oramai dal <strong>2002<\/strong> vede negli anni il susseguirsi di eventi internazionali che toccano numerosi Stati di tutto il mondo.<\/p>\n<p><!-- \/wp:paragraph --><!-- wp:paragraph --><\/p>\n<p>La prima edizione del Campionato del Mondo IFCS si \u00e8 svolta in Russia nel 2002, poi a seguire negli anni successivi sono state organizzate ben 13 edizioni tra <strong>Campionati del Mondo<\/strong> e <strong>Campionati Europei di Agility Dog<\/strong>.<\/p>\n<p><!-- \/wp:paragraph --><!-- wp:paragraph --><\/p>\n<p>L\u2019impegno della Federazione Internazionale \u00e8 quello di investire e promuovere tutte quelle attivit\u00e0 sportive che garantiscono il miglioramento del rapporto tra cane e proprietario nel massimo rispetto e nel benessere del cane.<\/p>\n<p><!-- \/wp:paragraph --><!-- wp:separator {\"opacity\":\"css\"} --><\/p>\n<hr \/>\n<p><!-- \/wp:separator --><!-- wp:paragraph --><\/p>\n<p><span style=\"font-size: 18pt;\"><strong>I NOSTRI PARTNER <\/strong><\/span><\/p>\n<p><!-- \/wp:paragraph --><!-- wp:heading {\"textAlign\":\"center\"} --><\/p>\n<h2 style=\"text-align: center;\">Main sponsor 2023<\/h2>\n<p>\u00a0<\/p>\n<p><!-- \/wp:separator --><!-- wp:image {\"align\":\"center\",\"id\":23247,\"width\":611,\"height\":431,\"sizeSlug\":\"large\",\"linkDestination\":\"custom\"} --><\/p>\n<figure><a href=\"https:\/\/www.teknofarma.com\/\"><img loading=\"lazy\" decoding=\"async\" src=\"http:\/\/www.sportcinofili.it\/wp-content\/uploads\/2022\/09\/teknofarma-agility-logo-BLACK-ON-WHITE-BACKGROUND-1024x724.jpg\" alt=\"\" width=\"611\" height=\"431\" \/><\/a><\/figure>\n<p>\u00a0<\/p>\n<p><!-- \/wp:image --><!-- wp:separator {\"opacity\":\"css\"} --><\/p>\n<figure><a href=\"https:\/\/www.qualazampafisio.it\/?_gl=1%2A190wnk1%2A_up%2AMQ..%2A_ga%2AMTY0OTcyNTQ2My4xNjk5NTE0OTgz%2A_ga_2SSWHGK2FD%2AMTY5OTUxNDk4MS4xLjAuMTY5OTUxNDk4MS4wLjAuMA..%2A_ga_Y3R022JNDN%2AMTY5OTUxNDk4Mi4xLjAuMTY5OTUxNDk4Mi4wLjAuMA..\"><img loading=\"lazy\" decoding=\"async\" src=\"http:\/\/www.sportcinofili.it\/wp-content\/uploads\/2023\/11\/logo_qualazampa-300x181.jpg\" alt=\"\" width=\"300\" height=\"181\" \/><\/a><img loading=\"lazy\" decoding=\"async\" src=\"http:\/\/www.sportcinofili.it\/wp-content\/uploads\/2023\/10\/LOGO-ISAO-300x186.jpg\" alt=\"\" width=\"379\" height=\"235\" \/><img loading=\"lazy\" decoding=\"async\" src=\"http:\/\/www.sportcinofili.it\/wp-content\/uploads\/2022\/09\/HUSSE_GIALLO.png\" alt=\"\" width=\"1\" height=\"0\" \/><\/figure>\n<p><!-- \/wp:image --><!-- wp:separator {\"opacity\":\"css\"} --><!-- \/wp:heading --><!-- wp:separator {\"opacity\":\"css\"} --><\/p>\n<figure><a href=\"https:\/\/www.letreccedinina.com\/?fbclid=IwAR29fd2hciQqkPQXrPzgclliuiNPk-yI6-7Sv61czIVRHZxxqFKfbRr-6Os\" target=\"_blank\" rel=\"noopener\"><img loading=\"lazy\" decoding=\"async\" src=\"http:\/\/www.sportcinofili.it\/wp-content\/uploads\/2020\/01\/logo_nina.png\" alt=\"\" width=\"381\" height=\"341\" \/><\/a><\/figure>\n<p><!-- \/wp:image --><!-- wp:separator {\"opacity\":\"css\"} --><\/p>\n<figure><img loading=\"lazy\" decoding=\"async\" src=\"http:\/\/www.sportcinofili.it\/wp-content\/uploads\/2022\/09\/PitAgs-n_oro-Png-724x1024.png\" alt=\"\" width=\"365\" height=\"516\" \/><\/figure>\n<figure><\/figure>\n<p><!-- \/wp:image --><!-- wp:paragraph --><\/p>\n<p><!-- \/wp:paragraph --><\/p>\t\t\t\t\t\t\t\t<\/div>\n\t\t\t\t<\/div>\n\t\t\t\t\t<\/div>\n\t\t<\/div>\n\t\t\t\t\t<\/div>\n\t\t<\/section>\n\t\t\t\t<\/div>\n\t\t","protected":false},"excerpt":{"rendered":"<p>\u00a0 LA NOSTRA STORIA\u00a0 La Nazionale Italiana di Agility Dog FISC &#8211; IFCS nasce nel 2013 grazie al lavoro della Federazione Italiana Sport Cinofili che viene riconosciuto come unico ente sportivo per l\u2019Italia dalla Federazione Internazionale Sport Cinofili IFCS. L\u2019ammissione come membro e l\u2019inserimento del presidente, Dott. Piero Acquaro, all\u2019interno [&hellip;]<\/p>\n","protected":false},"author":3,"featured_media":0,"parent":0,"menu_order":0,"comment_status":"closed","ping_status":"closed","template":"","meta":{"om_disable_all_campaigns":false,"_monsterinsights_skip_tracking":false,"_monsterinsights_sitenote_active":false,"_monsterinsights_sitenote_note":"","_monsterinsights_sitenote_category":0,"_uf_show_specific_survey":0,"_uf_disable_surveys":false,"footnotes":""},"class_list":["post-15202","page","type-page","status-publish","hentry"],"aioseo_notices":[],"_links":{"self":[{"href":"https:\/\/www.sportcinofili.it\/index.php\/wp-json\/wp\/v2\/pages\/15202","targetHints":{"allow":["GET"]}}],"collection":[{"href":"https:\/\/www.sportcinofili.it\/index.php\/wp-json\/wp\/v2\/pages"}],"about":[{"href":"https:\/\/www.sportcinofili.it\/index.php\/wp-json\/wp\/v2\/types\/page"}],"author":[{"embeddable":true,"href":"https:\/\/www.sportcinofili.it\/index.php\/wp-json\/wp\/v2\/users\/3"}],"replies":[{"embeddable":true,"href":"https:\/\/www.sportcinofili.it\/index.php\/wp-json\/wp\/v2\/comments?post=15202"}],"version-history":[{"count":110,"href":"https:\/\/www.sportcinofili.it\/index.php\/wp-json\/wp\/v2\/pages\/15202\/revisions"}],"predecessor-version":[{"id":34999,"href":"https:\/\/www.sportcinofili.it\/index.php\/wp-json\/wp\/v2\/pages\/15202\/revisions\/34999"}],"wp:attachment":[{"href":"https:\/\/www.sportcinofili.it\/index.php\/wp-json\/wp\/v2\/media?parent=15202"}],"curies":[{"name":"wp","href":"https:\/\/api.w.org\/{rel}","templated":true}]}}